-11 + 7*v. Calculate the highest common divisor of 46 and m.
46
Let f be 39/(22/(-5) - (-13 - (-19 - -11))). Calculate the highest common factor of f and 845.
65
Suppose 231*l - 129*l = 267444. What is the greatest common divisor of 276 and l?
138
Let h(y) = 1 - 4 + 1 - 6*y - 4. Let r be h(-2). Suppose 0 = -5*l + 4*a + 20, -28 = -l - r*a + 2*a. Calculate the greatest common divisor of 40 and l.
8
Let w be -2*((-29)/(-6) - 5)*6. Suppose 5*s = -3*x + 546, -w*x = -12*s + 9*s + 320. What is the greatest common divisor of 48 and s?
12
Let n = -79 + 133. Suppose 11*g + 7*g + g = 0. Let d be 10 + (5 - g) + -9. What is the highest common divisor of n and d?
6
Let f = 16 - 20. Let c be 14/(3 + f/2). Let r = 15 - c. What is the highest common divisor of r and 7?
1
Let t(g) = -g**3 - 6*g**2 + g - 7. Let q be t(-7). Let y be 4*(0 - -2) + 2. Let x be y*(16 + 2/(-1)). Calculate the highest common divisor of q and x.
35
Let a = -9892 - -14406. Suppose 40*m - a = -874. What is the highest common divisor of 14 and m?
7
Suppose 13059 = 2*j + 9*j - 34164. Calculate the highest common factor of j and 106.
53
Let k be 9150 - (-12 + -3 - -12). What is the greatest common factor of 243 and k?
81
Let u be (21/(-28))/(57/(-3724)). What is the greatest common divisor of 931 and u?
49
Suppose 8*v = 15 + 57. Let z be 6/(-18) + 21/v. What is the greatest common factor of 78 and z?
2
Let c be (-69)/12 - 2*(-8)/(-64). Let p be 88/((-36)/(-9))*c/(-4). What is the highest common factor of p and 528?
33
Suppose 40*f + 64*f - 14664 = 0. What is the highest common divisor of 57 and f?
3
Suppose 17300*d - 17288*d - 276 = 0. Calculate the highest common divisor of 12443 and d.
23
Let w be (36 + -18 + 78)*10/9*3. Calculate the highest common factor of 13600 and w.
160
Let m be 34609/1060 + 10/(-8) - 24/(-40). Let j = -55 + 95. What is the greatest common factor of j and m?
8
Let t(m) = 1463*m - 4207. Let a be t(9). What is the highest common factor of 140 and a?
140
Let w be (-2082)/3817 + 125736/11. What is the greatest common factor of w and 18?
18
Let x be (1/4)/(18/32184). Let u = x + -75. Calculate the highest common divisor of u and 12.
12
Let b = -2479 + 2487. Calculate the highest common divisor of b and 5048.
8
Let r be (-65550)/(-1173) - (-14)/119. What is the greatest common divisor of 56 and r?
56
Let c(g) = -g**3 - 7*g**2 - 10*g - 6. Let p = -26 + 35. Suppose 5*t = 4*t + 2*d, -4*t + 5*d = p. Let v be c(t). What is the highest common divisor of 18 and v?
18
Suppose -7*f + 5*f + 10166 = 32*f. Calculate the highest common divisor of 169 and f.
13
Let k be -1*3*(-2197)/(-39). Let f = k - -120. Let i = -28 - f. What is the highest common divisor of i and 3?
3
Suppose -48*l + 4*l + 403 = -1005. Calculate the greatest common factor of l and 17312.
32
Suppose -3023 + 1119 = 5*b - h, 1124 = -3*b - 4*h. Let n = b + 387. Let x(u) = 14*u**2. Let w be x(-2). What is the greatest common factor of n and w?
7
Let p = 12066 - 11266. Calculate the greatest common factor of 4320 and p.
160
Let j be (1*(-1 + 4))/((-9)/(-180)*4). What is the greatest common factor of j and 755?
5
Let w(p) = 62*p + 899. Let r be w(-13). Suppose 8*u - 3*u - 35 = 0. Suppose -u*l = -5*l - 62. What is the greatest common divisor of l and r?
31
Suppose -157017 = -69*t - 159*t + 287583. Calculate the greatest common divisor of 1092 and t.
78
Suppose -2*i = -5*m + 6920, 2*i = 34 - 24. Calculate the greatest common factor of m and 315.
63
Let m(i) = -i**3 + 37*i**2 - 248*i + 15. Let h be m(24). What is the highest common factor of 165 and h?
33
Let b be (-944)/(-12)*(8 - 940/(-16)). Calculate the highest common factor of b and 267.
89
Let z be 952/252 - 6/(-27). Suppose -2*r + 116 = l + 36, -z*l - 100 = -2*r. Calculate the greatest common divisor of 14 and r.
14
Suppose -67 = 4*p + 5*r - 6*r, -r = 1. Let o = p + 34. What is the highest common factor of o and 85?
17
Let j = -14 - -40. Suppose -4 = -m + j. What is the highest common factor of 80 and m?
10
Let c be (-154)/(-28) - (-438)/12. What is the greatest common factor of c and 174?
6
Suppose -69*q - 61*q = -165620. Calculate the highest common divisor of 1372 and q.
98
Suppose 4*j - 5*b = 9*j - 1025, 4*j = -5*b + 816. Suppose -12 - j = -l. Calculate the greatest common factor of l and 13.
13
Let f = 1438 + -1426. Calculate the highest common factor of f and 579.
3
Suppose 401*d - 9207 = 16056. Calculate the highest common divisor of d and 5607.
63
Let q = 197 - 192. Let d(g) = 29*g + 35. Let n be d(q). What is the greatest common factor of 6 and n?
6
Let y = 7 + -1. Suppose 8*x = 1463 - 1431. What is the highest common factor of x and y?
2
Let u(k) = 56*k + 12. Suppose 32*g = 30*g + 6. Let l be u(g). Suppose -21*h - l = -27*h. Calculate the greatest common divisor of h and 12.
6
Suppose u + 3208 = -5*l + 7100, -4*l + 3*u = -3144. What is the highest common divisor of l and 620?
20
Let l = 13410 + -13399. Calculate the highest common factor of 1617 and l.
11
Let f(n) = 2*n**2 - 20*n - 393. Let h be f(-10). Calculate the highest common factor of h and 29.
1
Let z be 7521 - 6*207/(-54). What is the highest common divisor of 115 and z?
23
Let r be -67 + 66 - 501*(92/(-3))/4. What is the highest common factor of 720 and r?
240
Let a(r) = r**2 + 34*r - 1. Let h be a(-34). Let b be 28/49 + h - (-202)/14. What is the highest common factor of 182 and b?
14
Suppose -5*i - 5 = 0, -216*y + 220*y + 3*i - 3225 = 0. Calculate the greatest common factor of 3 and y.
3
Let d be 24/10*(-30)/(-12). Suppose -144 = 2*l - d*l. What is the highest common factor of l and 60?
12
Let b(k) = -k**3 + 11*k**2 + 29*k - 92. Let t be b(12). What is the greatest common factor of t and 128?
16
Let p = 4 - 1. Suppose -17*k - 5*k + 176 = 0. Suppose 6 = 2*s - u, p*s - 9 = -k*u + 3*u. Calculate the highest common divisor of s and 9.
3
Let t be -3 - ((-20)/3 - (-2)/(-6)). Suppose -14 = 19*c - 21*c - 2*q, -2*c - t*q + 10 = 0. Calculate the greatest common factor of c and 9.
9
Let r(h) = h**2 - 26*h + 101. Let u(d) = d**2 - 23*d + 102. Let c(i) = 6*r(i) - 5*u(i). Let v be c(40). Calculate the highest common divisor of v and 35.
7
Let r(f) be the first derivative of -25*f + 13 - 5/2*f**2 + 1/3*f**3. Let w be r(-10). What is the greatest common divisor of w and 50?
25
Suppose -5049 = 888*v - 879*v. Let d be ((-93)/(-62))/(-1 - v/558). What is the greatest common factor of d and 18?
9
Let d(g) = g**3 + 13*g**2 - 17*g - 38. Let s be d(-14). Suppose 5*w - 9 = 4*m, -m - 1 = s*w + 4*m. What is the greatest common divisor of 19 and w?
1
Let m = 516 + -363. Suppose -2*p + 15 = -q, 4*p - p + 5*q = 42. What is the greatest common divisor of p and m?
9
Let o = -45 - -89. Let v = o + -42. Suppose 2*l - 16 = -v*f, l + 2*l = -2*f + 21. What is the greatest common factor of l and 45?
5
Let l be ((-20)/3)/((-550)/4620). Calculate the highest common divisor of l and 658.
14
Suppose s = -4*w + 558, 2*w = 3*s + 292 - 6. Let h = 151 - w. Calculate the greatest common divisor of h and 55.
11
Suppose -m - 4*a = -125, -26*a - 515 = -5*m - 24*a. Let d be (-4)/24 + (-253)/(-6). Calculate the greatest common divisor of m and d.
21
Let z be (54/(-30))/(4/60). Let w be (z/(81/408))/(1 + -3). What is the greatest common factor of w and 4?
4
Let j be ((-12)/1)/((-6)/32). Suppose -p + 468 = 39*m - 35*m, 3*p - 4*m = 1324. What is the highest common factor of j and p?
64
Suppose -x + 4*n + 586 = -93, -3*n + 3303 = 5*x. Calculate the highest common factor of 117 and x.
39
Let x(k) = 2*k**2 + 30*k + 112. Let r be x(-9). Suppose -2*b + 2*p + 95 = -273, -p + 761 = r*b. Calculate the greatest common divisor of b and 7.
7
Suppose 7*v + 4*a - 172 - 200 = 0, -2*v + 97 = 3*a. Calculate the greatest common factor of v and 24136.
56
Let u = -70 - -69. Let w be (4 - 2 - u)*-1 - -59. What is the greatest common factor of 16 and w?
8
Let k = -3449 + 7187. Calculate the greatest common factor of k and 4539.
267
Let a be (2/(-4))/((-4)/(-192)). Suppose 0 = 5*s + 5*u + 265, 213 = -2*s - 2*s - 3*u. Let i = a - s. Calculate the highest common divisor of 330 and i.
30
Suppose -a = 4, -3*a = 65*f - 62*f - 1404. Let c = -290 + f. Calculate the greatest common divisor of 14 and c.
14
Let b(r) = 19*r**3 - 31*r**2 - 49*r + 211. Let m be b(4). Calculate th